{"id":16,"date":"2020-10-13T12:24:46","date_gmt":"2020-10-13T10:24:46","guid":{"rendered":"https:\/\/marvil.sk\/wordpress-1\/moj-ucet\/"},"modified":"2021-05-19T20:55:11","modified_gmt":"2021-05-19T18:55:11","slug":"moj-ucet","status":"publish","type":"page","link":"https:\/\/marvil.sk\/wordpress-1\/moj-ucet\/","title":{"rendered":"U\u017e\u00edvate\u013esk\u00fd \u00fa\u010det"},"content":{"rendered":"<div class=\"woocommerce\"><\/div>\n","protected":false},"excerpt":{"rendered":"","protected":false},"author":1,"featured_media":140,"parent":0,"menu_order":0,"comment_status":"closed","ping_status":"closed","template":"","meta":{"footnotes":""},"class_list":["post-16","page","type-page","status-publish","has-post-thumbnail","hentry"],"_links":{"self":[{"href":"https:\/\/marvil.sk\/wordpress-1\/wp-json\/wp\/v2\/pages\/16","targetHints":{"allow":["GET"]}}],"collection":[{"href":"https:\/\/marvil.sk\/wordpress-1\/wp-json\/wp\/v2\/pages"}],"about":[{"href":"https:\/\/marvil.sk\/wordpress-1\/wp-json\/wp\/v2\/types\/page"}],"author":[{"embeddable":true,"href":"https:\/\/marvil.sk\/wordpress-1\/wp-json\/wp\/v2\/users\/1"}],"replies":[{"embeddable":true,"href":"https:\/\/marvil.sk\/wordpress-1\/wp-json\/wp\/v2\/comments?post=16"}],"version-history":[{"count":1,"href":"https:\/\/marvil.sk\/wordpress-1\/wp-json\/wp\/v2\/pages\/16\/revisions"}],"predecessor-version":[{"id":225,"href":"https:\/\/marvil.sk\/wordpress-1\/wp-json\/wp\/v2\/pages\/16\/revisions\/225"}],"wp:featuredmedia":[{"embeddable":true,"href":"https:\/\/marvil.sk\/wordpress-1\/wp-json\/wp\/v2\/media\/140"}],"wp:attachment":[{"href":"https:\/\/marvil.sk\/wordpress-1\/wp-json\/wp\/v2\/media?parent=16"}],"curies":[{"name":"wp","href":"https:\/\/api.w.org\/{rel}","templated":true}]}}